 0, -3*x = y + 12. Let p(z) = z**2 - 2*z - 4. What is p(y)?
-1
Let m(h) = h**2 - 6*h + 3. Suppose -4*j - 3*n = -5*n - 4, 3*j - 4*n + 2 = 0. What is m(j)?
-5
Suppose -2*w + 5*o - 18 = -w, 0 = -w - o + 6. Let u(d) = w*d - 2*d - 3 - 3*d**2 - 4*d + d**3 + 2*d. Let g be u(4). Let z(f) = 2*f. Calculate z(g).
10
Let j(g) = 5*g - 3*g + 2*g - g + 3. Determine j(3).
12
Let n(h) = 5*h + 14. Let s(i) = -4*i - 13. Let l(o) = -5*n(o) - 6*s(o). Determine l(6).
2
Let m(d) = d**3 - 5*d**2 + 4*d + 1. Let g be -2 - -2*(-22)/(-4). Let u = 33 - g. Suppose 5*n + 5*l - u = 2*l, l = 5*n - 12. Determine m(n).
-5
Let l(i) = -i**3 - 3*i**2 + 5*i - 6. Let q(u) = -u**2 + u - 1. Let o(z) = l(z) - 4*q(z). Calculate o(2).
-4
Let m(h) = 2 - 5*h + 2 - h**2 + 4. Let n be m(-6). Let r(f) = -4*f**2 + n*f**2 - 4*f - 2 + f**2. What is r(-3)?
1
Let s = -5 + 9. Let c be s/(-6) + 6/9. Suppose c = r + 2 + 1. Let y(z) = z**2 + 4*z - 2. Determine y(r).
-5
Let v(o) be the first derivative of -1/60*o**5 - o**2 + 0*o + 0*o**3 - 1 - 1/12*o**4. Let u(j) be the second derivative of v(j). What is u(-2)?
0
Let b(m) = m**3 - 3*m**2 - 4*m - 2. Let x = 1 - 7. Let w(d) = -d**2 - 7*d - 2. Let t be w(x). Give b(t).
-2
Suppose -5*a - 3 = 22. Let d(k) = k**3 + 4*k**2 - 6*k - 7. Calculate d(a).
-2
Let q(d) = -d**3 + 3*d**3 - 1 + 2 - 2*d**2. Suppose -5*a - 2 = -12. Suppose -a - 3 = 5*u. Give q(u).
-3
Let u(v) = 1 - 3*v + 2*v + 2*v. Suppose -7*i + 10 = 4*h - 6*i, 6 = -h + 4*i. Give u(h).
3
Suppose 9 = y + 2*y. Suppose j = y*j. Let h(m) = -m - 10. What is h(j)?
-10
Let l(k) = -7*k**2 - 2*k + 2. Let z be (-12)/(-28) + 135/(-21). Let d(q) = -8*q**2 - 3*q + 3. Let r(m) = z*l(m) + 5*d(m). What is r(2)?
5
Let x be (-6)/9 + 88/6. Suppose 4*g = -4*r - 24, r - 4*g - x + 0 = 0. Let k(d) = 2*d - 1. What is k(r)?
-5
Let o(c) be the third derivative of -c**6/40 - c**4/12 + c**3/6 + 42*c**2. Determine o(1).
-4
Let v(r) = -4*r**3 - 2*r**2 - 7*r - 2. Let a(w) = -w**3 - w - 1. Let l(g) = -5*a(g) + v(g). Let i be l(2). Let m(s) = 5*s**3 + s**2 - 1. Give m(i).
-5
Let h(s) be the first derivative of -s**3/3 + 3*s**2/2 + 6*s - 8. Give h(5).
-4
Let k(n) = -31*n**2 + 5 + 32*n**2 - 2 + 4*n. Let r(g) = -g**3 - 6*g**2 - 3*g + 4. Let t be r(-5). Let v(u) = -u - 8. Let x be v(t). What is k(x)?
-1
Let i be 2/15 - (4/4)/(-5). Let x(b) be the first derivative of 1 + 4*b**2 + i*b**3 + 6*b. Determine x(-5).
-9
Let i(d) = -d**2 - 6*d + 3. Let x = 22 + -29. What is i(x)?
-4
Suppose 0 = -2*q - 2*m - 4, 4*q + 12 = 5*m + 40. Let j(c) = -3 - 2*c**2 - 5*c - 2*c**q - 2 + 5*c**2. Determine j(7).
9
Let t be 3/(-5) + (-7 - 240/(-25)). Let a(s) = s**2 - 2*s - 1. What is a(t)?
-1
Suppose -4 - 1 = -h. Suppose -k + 5*k + 4 = 5*l, -h*l + 5*k = 0. Let i(q) = l*q**2 - 5*q**2 - 1 + 3*q**2. What is i(1)?
1
Let i(z) = -z**2 + 7*z + 1. Let u be i(7). Let w(r) = 2*r - 16*r - u - 3 + 5. Give w(1).
-13
Let s(v) = 7*v**3 + v**2. Let m(w) be the first derivative of w**2/2 - 9*w - 3. Let i be m(8). Determine s(i).
-6
Let s(f) be the second derivative of -f**5/20 + f**4/3 - f**3/3 + 3*f**2/2 - 3*f. Let m = 3 - 2. Let c = 4 - m. Calculate s(c).
6
Suppose -5*r + 19 = -c, -23 = c - 4*r - 7. Let i(j) be the second derivative of j**5/20 + 5*j**4/12 + j**3 + 5*j**2/2 + 81*j. Determine i(c).
-3
Let f(k) = -k - 2. Let i be f(-6). Suppose -3*b - 9 = -3*w, 0*b + 12 = -3*b + i*w. Let g(h) = -h - 13. Give g(b).
-13
Let j(c) = -c**3 - 4*c**2. Suppose 3 = 2*x + 5. Let o(a) = -5*a**2 - a. Let b be o(x). Calculate j(b).
0
Let d(r) = -14*r**2. Let w(l) = 225*l**2. Let m(o) = 33*d(o) + 2*w(o). What is m(-1)?
-12
Suppose -80 = -3*p - 2*p. Let c = 22 - p. Let a(j) = -j**2 + 5*j + 4. Calculate a(c).
-2
Let g(p) be the first derivative of -2/3*p**3 - p - 6 + 0*p**2. Give g(2).
-9
Let q(f) = -f**2 - f + 1. Let h = 8 + -11. Let d be q(h). Let t(u) = 3*u**2 + 4*u + 3. Let g(b) = -7*b**2 - 8*b - 6. Let k(z) = d*t(z) - 2*g(z). Give k(-3).
0
Let i(h) = -4*h - 5. Let q(m) = 3*m + 5. Let x(r) = -4*i(r) - 5*q(r). Let l be (-3)/6 - 33/(-6). Let d = -1 + l. Determine x(d).
-1
Let t(u) = -u**3 - 3*u**2 - 3*u - 5. Let c be t(-4). Let s = 22 - c. Let k(j) = j**2 - j. Calculate k(s).
2
Let q be 3/(-9) + 21/9. Let n(c) be the second derivative of -1/6*c**3 - 1/10*c**5 + c + 0 + 0*c**q + 0*c**4. Calculate n(1).
-3
Let h(k) = k**3 + 2*k**2 + k + 1. Let a = -35 + 32. What is h(a)?
-11
Let b(f) = -f + 13. Let d(z) = -1. Let r(u) = -b(u) - 4*d(u). Calculate r(0).
-9
Let n = 53 + -52. Let x(p) = -8*p + 1. Determine x(n).
-7
Let x(i) = -6*i**3 - 1. Let k be (-20)/(-6) - 4/12. Let d(c) = c + k + 1 + 4. Let u be d(-9). What is x(u)?
5
Let x = -406 + 406. Let j(y) = -7*y - 7. Let z(u) = -10*u - 10. Let i(k) = -7*j(k) + 5*z(k). Calculate i(x).
-1
Let t(x) be the second derivative of -x**3/6 + 5*x**2 - 41*x. Give t(7).
3
Let g = -72 + 69. Let a(x) = -2*x + 1. What is a(g)?
7
Let y(p) = -p**3. Let r = 13 + -12. Give y(r).
-1
Let f(a) be the second derivative of -a**5/40 + a**4/24 + a**3/3 - a. Let i(q) be the second derivative of f(q). Calculate i(2).
-5
Let t(u) = u**3 - 4*u**2 + 2*u + 3. Let d be t(3). Suppose 31 = 2*g + 5*b, -g - 3*b + 0*b + 18 = d. Let i(v) = -v + 3. Calculate i(g).
0
Let p(m) = 3*m - 1. Let u(c) = c**2 + 3*c + 2. Let k be u(-2). Suppose -4*s + k = 8. What is p(s)?
-7
Let r(h) = -8*h**3 + h**2 - 7*h + 1. Let x(o) = -23*o**3 + 3*o**2 - 20*o + 3. Let k(b) = -17*r(b) + 6*x(b). Determine k(-2).
23
Suppose -4*q = -0*q - 128. Let h be (-1*(2 + -3) - -2)*1. Suppose -h*x + q = x - 5*t, -x - 2*t = 5. Let j(p) = -p**2 + 2*p + 2. Calculate j(x).
-1
Let f = 5 + -9. Let q(v) be the second derivative of -v**3/6 - 2*v**2 - 3*v. Give q(f).
0
Suppose -z = 5*k + 24, -3*z - z - 4*k - 16 = 0. Let c(x) = z + 1 + 4*x + 6*x**2 + x**3 - 1. Calculate c(-5).
6
Let g(l) = -8*l**3 + l**2 + l + 1. Let b = -36 - -64. Suppose 5*y = b - 8. Let w = 3 - y. What is g(w)?
9
Suppose 2*z + 10 = 2*t, -2*t - 2 = 2*z - 0. Suppose 3*f + 15 = -2*l, 3*l + 3*f + 23 = -t*f. Let q(x) = x**3 + 5*x**2 - 5*x. Determine q(l).
-6
Suppose -5*n + 2*i + 11 = 0, 6 = -3*i - 3. Let a(l) = -17*l - 1. Give a(n).
-18
Let l(y) = y**2 - 9*y + 5. Let z be l(8). Let c(q) be the second derivative of q**3/2 + q**2 - q. What is c(z)?
-7
Let r be 2*(3 + 27/(-6)). Let k(u) = 2*u + 1. Give k(r).
-5
Suppose 0 = 3*f + f - 32. Suppose 4*y + 5*q - f = 0, 0 = 4*y - 2*q - q - 8. Let x(i) = -3*i. What is x(y)?
-6
Let p(w) be the second derivative of -w**4/12 + w**3/6 + w**2/2 - 2*w - 10. Give p(1).
1
Let k(w) = -w**2 + 2*w + 4. Let r = -66 + 69. What is k(r)?
1
Let q(d) = 0 + d - 3 - 3*d. Suppose -2*k + 12 = -5*c, 3*k = -3*c - 14 - 10. Calculate q(c).
5
Let p(m) = -m**3 + m**2 - m + 1. Let d(r) = -r**3 + r**2 - r + 2. Let u(c) = -3*d(c) + 2*p(c). Suppose 2*s = 7 - 1. Let n = -3 + s. Give u(n).
-4
Let t(z) = -3*z**3 + z**2 - z. Suppose -8 = -2*m - 6. What is t(m)?
-3
Let a(l) = -l - 7. Let o = -149 - -143. Calculate a(o).
-1
Let b = 5 - -5. Let w be 1/(b/6 + -2). Let y(l) = l - 2. Determine y(w).
-5
Let p(o) = o**2 - 6*o - 11. Let f be (-22)/(-3) + (-8)/(-12). Give p(f).
5
Let m(j) = -j + 12. Let b(q) = q - 10. Let n(f) = -5*b(f) - 4*m(f). What is n(1)?
1
Suppose 0*o + o + 4 = 0. Let l(h) be the second derivative of -1/20*h**5 + 7/6*h**3 + 0 - 1/4*h**4 - 2*h + 3*h**2. Calculate l(o).
-6
Let t be 68/(-51)*3/(-2). Let g(i) = 3*i**3 - i**2 + 4*i - 3. Determine g(t).
25
Let d be (8/(-12) + 0)/(-2). Let c(j) be the first derivative of -d*j**3 - 1/2*j**2 - 2 + j. Calculate c(1).
-1
Let q(u) = -u - 5. Let o(b) = b**3 + 5*b**2 - b - 6. Let j be o(-2). What is q(j)?
-13
Let y(j) = j**3 - j**2 + j - 9. Let b = -10 - -10. Give y(b).
-9
Let b(r) = -r**3 - 5*r**2 + 4*r - 2. Let g(l) = -l**3 + 11*l**2 + 10*l + 18. Let a be g(12). What is b(a)?
10
Let o(j) be the second derivative of j**3/3 - 9*j**2/2 + 42*j. Give o(6).
3
Let b(f) be the first derivative of f**4/4 + 5*f**3/3 - f**2 - 2*f + 3. What is b(-5)?
8
Let y(n) = 4*n - 3 - n**2 - 4*n + 2*n + 2*n. What is y(2)?
1
Let y(m) = m - 3. Let s be y(4). Let c(r) = 2*r - s + 3 + 0. What is c(2)?
6
Suppose -4 = 4*k + 2*l, 3*k - l = 2*l - 21. Let v(s) = s**2 + 8*s + 4. Determine v(k).
-11
Let n(v) = -4*v**2 - v - 2. Let c be (-3)/2 + (-5)/10. Determine n(c).
-16
Let p(w) = 4*w**3 - 5*w**2 + 3*w - 4. Let o(d) = 0*d**2 + 0*d**3 - 3*d + 4*d*